at are the prime factors of (-18)/h - 4/(-8)?
5
Suppose -t + 2*p - 5 = 0, -3*p + 2 = -t + 5*t. Let c be (-72)/(-10) + t/5. Suppose 0 = c*j - 3*j - 24. What are the prime factors of j?
2, 3
Let h(u) = 23*u - 4 + 1 + 4 - 7*u. What are the prime factors of h(1)?
17
Let w be (-1)/2*(-1 + -3). Suppose 3*i + w*b - 6 = 2*i, i - 4*b - 24 = 0. What are the prime factors of i?
2, 3
Let b(n) = n**3 - 5*n**2 + 3*n + 2. Let r be b(4). Let x be r - ((0 - -1) + -5). Suppose x = o - 0*o. List the prime factors of o.
2
Let y(u) = 3*u**2 + 18*u - 4. List the prime factors of y(-8).
2, 11
Let u = -50 + 15. List the prime factors of 4/14 + (-1425)/u.
41
Suppose 0 = 2*d - 7*d. Let u(t) = t - 1. Let s(a) = -5*a - 6. Let o(x) = -s(x) - 4*u(x). What are the prime factors of o(d)?
2, 5
Let g be (-3 + 3)/(2 + -1). Suppose 5*n + 5*q - 15 = g, 2*n - q = 6 - 0. Suppose 0 = 4*r + d - 48, 0 = 2*r - n*d + 6 - 30. What are the prime factors of r?
2, 3
What are the prime factors of (-5)/(-5)*54/2?
3
Let h(j) = j**2 - 3*j + 3. Let u be h(3). Suppose -4*l + 5*p = -67, -2*p + 3*p - 36 = -u*l. List the prime factors of l.
13
Suppose 2*x = x. Let k(u) = -u**3 - u + 4. Let o be k(x). Let a = 2 + o. List the prime factors of a.
2, 3
Suppose 0*s + 3*w + 70 = 5*s, 4*w - 35 = -5*s. Let k = s + -3. What are the prime factors of k?
2
List the prime factors of (-1156)/(-18) + 2/(-9).
2
Let y(c) = -c - 2. Let d be y(-8). Suppose 3*g - 30 = d. Suppose 6*o - g = 4*o. What are the prime factors of o?
2, 3
Let p be (2/(-3))/((-2)/6). Suppose 2*o = -p*o + 8. Suppose -2*s + 20 = 2*b, o*b - 62 = -3*b + s. List the prime factors of b.
2, 3
Suppose 207 = 6*o - 33. List the prime factors of o.
2, 5
Let p be ((-12)/8)/((-3)/14). Suppose 5*r + p = 27. List the prime factors of r.
2
Let t be -1*12*2/(-6). Suppose 0 = -4*w + 24 - t. Suppose w*u - 16 = -4*s + 1, -4*s - 4*u + 20 = 0. What are the prime factors of s?
2
Suppose -u = -6*u. Suppose 0*n - 3*n + 54 = u. What are the prime factors of n?
2, 3
Suppose 0 = -5*i + 8 + 12. Let m be (-22)/3*(-6)/i. Suppose -r = -n + m, -11 - 12 = -3*n - 2*r. What are the prime factors of n?
3
Let q(b) = -b**2 + 13*b - 7. Let i be q(6). Suppose -i = -4*z + 45. What are the prime factors of z?
2, 5
Suppose 2*j + 5*r = 58, 0 = -3*j + 2*r + 56 + 31. Suppose -11*g + 10*g + j = 0. List the prime factors of g.
29
Let i(r) = r**3 - 4*r**2 + r + 5. Let b be i(5). Suppose -4*k - k + b = 0. What are the prime factors of k?
7
What are the prime factors of 3/9 + (-23)/(-3)?
2
Suppose 5*z + 37 = 2*b, 27 = 4*b + z + 8. Suppose -78 = -2*i - b*d + d, 5*i - 153 = -2*d. What are the prime factors of i?
29
Let g(r) = 3*r**2 + 20*r + 38. What are the prime factors of g(-12)?
2, 5, 23
Let y be 1/4 + (-121)/4. Let w = -18 - y. What are the prime factors of w?
2, 3
Suppose 5*w = 7*w + 22. Let l = w - -13. What are the prime factors of l?
2
Let b(t) = -t - 2. Suppose 0 = 3*y - 9 + 27. Let n = 2 + y. List the prime factors of b(n).
2
Suppose -4*l + 0*l + 40 = 0. Suppose 7 = 4*x - 9. Let n = l - x. What are the prime factors of n?
2, 3
Suppose 135 + 165 = 3*g. Suppose -2*n = 2*n - g. What are the prime factors of n?
5
Suppose 8*t + 133 = 9*t. What are the prime factors of t?
7, 19
List the prime factors of 17/(1122/4212) + (-4)/(-22).
2
Let w(q) = q**2 + 5*q + 51. List the prime factors of w(-18).
3, 5, 19
Suppose 0 = -2*h - 8*h + 2240. List the prime factors of h.
2, 7
Suppose -y = -h + 69, -2*h - 3*h - 5*y = -355. What are the prime factors of h?
2, 5, 7
Let s(m) = m**3 - 3*m**2 - 5*m - 2. List the prime factors of s(6).
2, 19
Let t(o) = 37*o**2 + 1. What are the prime factors of t(-1)?
2, 19
Let r(x) = x**3 + 11*x**2 - 18*x - 15. List the prime factors of r(-11).
3, 61
Let v be 0 - (4 - 2)*-19. Suppose 2*k + c + c - 2 = 0, v = 3*k - 4*c. What are the prime factors of k?
2, 3
Let t(p) = -p + 2. Let n be t(1). Let j be n/(-1)*1*-29. Let k = j - 16. What are the prime factors of k?
13
Let i = 7 - 4. Suppose -12 - i = -3*s. Suppose -3*p = r - 4*r - 21, -s*p - 3*r = -35. List the prime factors of p.
7
Suppose -2*j - 2 = 0, -j + 4 = -5*o - 5*j. Suppose o = 4*r - 41 - 7. What are the prime factors of r?
2, 3
Let w(g) = -g. Let m(q) = -q**2 + q - 2. Let s be 2/(2*-1)*0. Let f be m(s). List the prime factors of w(f).
2
Suppose 0*v = 3*v - 84. Suppose 5*p - p - 55 = -5*u, 2*u = -2*p + v. What are the prime factors of ((-12)/p)/((-4)/10)?
2
Suppose 6 = 4*n - 54. Let c = n + -4. List the prime factors of c.
11
Suppose 2*f + 0*f = -2*y + 4, 5*f + 4*y - 9 = 0. Suppose 7 + f = 2*r. Suppose 9 = -5*u + r, 4*a - 27 = -5*u. List the prime factors of a.
2
Let s be (-138)/(-42) - 4/14. Let n(p) = -2*p**2 + s*p**2 - 3*p + 0*p**2 - 7. What are the prime factors of n(7)?
3, 7
Let g be 6/8 + 6/24. Suppose 0 = -n + 3 + g. What are the prime factors of n?
2
Suppose 3*l - 6*l = 72. What are the prime factors of (10/8)/((-3)/l)?
2, 5
Let o(d) = -d - 12. Let w be o(-12). Suppose 101 = -4*u - 3*g, -21 = u + 5*g - w*g. List the prime factors of (u/4)/((-3)/6).
13
Let h(s) = -s**2 + 11*s + 6. Let g(y) = y - 1. Let q(c) = 6*g(c) + h(c). List the prime factors of q(14).
2, 3, 7
Suppose 3*v - 120 = 9*v. Let p = v - -34. List the prime factors of p.
2, 7
Let v(f) be the second derivative of -f**4/12 + 5*f**3/6 + 2*f. What are the prime factors of v(4)?
2
Suppose 5*u + 34 = -4*o, 2*o - o = -u - 9. Let t(c) = -c - 1. Let m be t(o). Let f(q) = q**2 - 9*q - 7. What are the prime factors of f(m)?
3
Let o(i) = i. Let r be o(-3). Suppose 0 = 2*d + 5*g - 25, -d - 2*g + 16 = d. Let f = d + r. What are the prime factors of f?
2
Let x be (28/4)/(0 - -1). Let m(f) = -f**3 + 6*f**2 + 7*f + 1. Let h be m(x). Let z = 8 + h. List the prime factors of z.
3
Suppose -2*c - 4 - 2 = 2*w, -3*w - c = -1. Suppose 2*j = -w*j + 32. What are the prime factors of j?
2
Let y be (-64)/10 + (-2)/(-5). Let f = y - -10. Suppose 8 = -f*o + 4*k, 0 = -4*o + 3*o + 4*k - 17. What are the prime factors of o?
3
Let j = 3 - 2. List the prime factors of j + (-26)/(-2) + 2.
2
Let c(s) = 14*s**2 + 8*s + 25. What are the prime factors of c(-4)?
7, 31
What are the prime factors of -1 + (174 - -3 - -4)?
2, 3, 5
Suppose z - 341 = -n, 5*n + 0*z - 1717 = z. List the prime factors of n.
7
Suppose m - 3*m - 4 = 0. Let u(a) = -a**3 - 5*a**2 + 6*a + 3. Let l(q) = -1. Let k(s) = m*l(s) + u(s). List the prime factors of k(-6).
5
Let s be ((-25)/2)/5*-2. Suppose -5*v + m + 2*m = -150, 0 = m - s. Suppose 3*n = -0*n + v. List the prime factors of n.
11
Let h(v) be the first derivative of -v**2/2 + 3*v + 1. Let g be (1 - 0) + -2 + -3. List the prime factors of h(g).
7
Suppose 2 = 2*w - 2. Suppose w*l = 7*l - 95. List the prime factors of l.
19
Suppose 5*t + 9 = 3*m, 2*t - 2 = -0*t + 4*m. Let d be t + 5 - (-4)/1. Suppose -o = -d*o + 60. What are the prime factors of o?
2, 3
Suppose 0 = 3*j + 5 - 395. List the prime factors of j.
2, 5, 13
Suppose -3*m = 5 - 2. Let u = m - -10. List the prime factors of u.
3
Suppose 16*x - 9*x - 91 = 0. List the prime factors of x.
13
Let o(m) = -21*m - 15. List the prime factors of o(-4).
3, 23
Let w(v) = 9*v**2 + v - 5. What are the prime factors of w(3)?
79
Suppose 72 = w - u, 4*w + 3*u = -w + 392. List the prime factors of w.
2, 19
Let g(o) = o - 2. Let x be g(4). List the prime factors of x/(-12) - (-57)/18.
3
Let f be 4/6*(-153)/(-6). Suppose 3*v + 2*s = f, 0*v + 3*s + 22 = 5*v. List the prime factors of v.
5
Let g be (-5)/(-1)*22/5. Let i = -8 + g. List the prime factors of i.
2, 7
Let s be (-3)/3 - -2 - -29. Let a = -19 + s. List the prime factors of a.
11
Let z = 3 + 2. Suppose 47 = z*l - 73. Suppose 5*t - t - l = 0. List the prime factors of t.
2, 3
Suppose -12*f + 180 = -10*f. What are the prime factors of f?
2, 3, 5
Let i be (-18)/(-4)*(0 + 4). Suppose 7 = 3*d + 19, c = 2*d + i. Suppose 4*m + r = 8, 0*m - 5*m - 4*r + c = 0. List the prime factors of m.
2
List the prime factors of (-3 + -3)*(-1 + -1).
2, 3
Suppose 0*m = m. Suppose -4*x + 12 = -m*x. Suppose -x*b + 36 = 6. List the prime factors of b.
2, 5
Suppose -2*m = -22 - 86. List the prime factors of m.
2, 3
Suppose -3*m + 1034 - 32 = 0. What are the prime factors of m?
2, 167
Let h(q) = 2*q - 3. Suppose 3*t = -4*v + 2*v + 2, 3*t + 26 = 2*v. List the prime factors of h(v).
11
Let x be 2*